culate the greatest common divisor of r and s.
10
Suppose -4*o + 21 = -4*j - 23, -5*j = -4*o + 52. Let t be (-71)/(-4) + 6/j. Calculate the greatest common divisor of t and 17.
17
Suppose 366 = 5*p - 5*k + 86, k + 158 = 3*p. Suppose 3*u = -3*t - 2*t + 37, 4*u + 5*t = p. Calculate the greatest common factor of u and 70.
14
Let p be 3/(41/10 - 4). Calculate the highest common divisor of p and 75.
15
Let s be (3/2)/(2/4). Suppose 2*o - s = 19. What is the greatest common divisor of o and 33?
11
Suppose -3*s - 21 = -3*q, 17 = q + 4*s - 10. Suppose -q - 7 = -3*p. What is the greatest common divisor of p and 15?
3
Let y be 41/3 - (-1)/3. Let g = y + 2. Calculate the greatest common divisor of 16 and g.
16
Let k = -60 - -42. Let j = -28 - k. Let a be 70/(-4)*8/j. Calculate the greatest common factor of 126 and a.
14
Let d = 74 + -38. Calculate the greatest common factor of 4 and d.
4
Let r be (1*-1)/((-1)/72). Suppose -2*i - n + 22 = 0, -4*n - 8 + 0 = 0. What is the greatest common factor of i and r?
12
Suppose 0 = -8*n + 24 + 56. Calculate the greatest common divisor of n and 70.
10
Suppose -f = 4*f - 200. Calculate the highest common divisor of 5 and f.
5
Suppose 3*q - 99 = 3*h, 4*h + 17 + 3 = 0. Calculate the greatest common divisor of q and 56.
28
Suppose -2 = -2*q + 8. Suppose q*u + 19 - 64 = 0. Let c be u + ((-3)/1 - -1). Calculate the greatest common divisor of 7 and c.
7
Let v(t) = 13*t + 1. Let z be v(3). Suppose -3*r = 5*i, -5*r = 2*i + i - 16. Calculate the greatest common factor of z and r.
5
Suppose 0 = -8*z + 3*z - 3*o + 486, 3*z - 3*o = 306. Suppose 36 = -2*a + 6*a. What is the highest common divisor of a and z?
9
Suppose 0 = v + 3*p + 22, -77 = -3*v + 8*v + 4*p. Let z = 17 + v. What is the greatest common factor of 4 and z?
4
Let n = -5 + 8. Let l(t) = -3*t - 6. Let i(s) = 3*s + 6. Let j(w) = n*i(w) + 4*l(w). Let k be j(-6). What is the greatest common factor of 8 and k?
4
Let l be 13/(-11) - 6/(-33). Let n be (-3)/((-3)/l) - -40. Calculate the highest common divisor of 13 and n.
13
Let h(a) = 6*a**2 + 2*a - 1. Let p be h(1). Let t = 15 - p. What is the greatest common divisor of t and 8?
8
Let n be 1/4 + (-5)/((-100)/295). Let d be 1/(-1) + 0 + 1. Suppose d = 3*f - 2*f - n. Calculate the highest common factor of f and 3.
3
Let k be (-1)/(-1 - (-2)/3). Let b(l) be the first derivative of l**4/4 + l**2 - 3*l + 14. Let s be b(k). What is the greatest common factor of 6 and s?
6
Suppose 0 = l - 4*l + 36. Let c be 3*(-1)/(-6)*486. Let b = c + -135. Calculate the highest common divisor of b and l.
12
Let j(r) = -r**2 + 12*r - 16. Let l be j(10). Suppose l*h - 428 = -48. Calculate the highest common factor of 19 and h.
19
Let q(z) = -2*z**2 + 12*z + 22 + z**2 - 5. Let r be q(13). Suppose -2*j + 5*d = -65 - 0, -3*j = -r*d - 115. What is the highest common factor of 9 and j?
9
Let b be (-1*(2 - 2))/(-3). Suppose -p + 177 = 5*f - 0*f, b = -4*f - 5*p + 129. Calculate the greatest common divisor of f and 24.
12
Suppose 2*s - 5*s = -6. Let i be -3 - (s + -1)*-80. Calculate the highest common factor of i and 7.
7
Let f = -30 + 68. Suppose 0 = 5*g - 10, -2*d = -2*g + 5*g - f. What is the highest common divisor of d and 144?
16
Let l(f) = -4*f - 7. Let n be l(-13). Let k be (n/6)/((-4)/(-8)). What is the greatest common factor of k and 75?
15
Suppose 0 = -4*j + 5*f + 28, 4*j - j = 2*f + 14. What is the greatest common factor of 6 and j?
2
Let j be ((-10)/(-25))/((-3)/(-150)). Calculate the highest common divisor of 8 and j.
4
Let f be 55*1*30/50. Calculate the greatest common factor of 22 and f.
11
Suppose -5*g = -1 + 51. Let p = 23 + g. Suppose 2*k + 2*k - 156 = 0. What is the highest common factor of k and p?
13
Let g(f) = f**2 - f + 10. Let p be g(0). Calculate the greatest common factor of p and 10.
10
Suppose 8 + 10 = n - 3*a, 4*n - 55 = -5*a. What is the greatest common factor of 165 and n?
15
Suppose -5*m - 5*k + 85 = 0, -m + 13 = -0*k - k. Calculate the highest common factor of m and 15.
15
Let p = 43 - 10. What is the greatest common divisor of p and 22?
11
Let u(o) = 51*o**2 - 2*o + 1. Let d be u(1). Calculate the greatest common factor of d and 10.
10
Suppose 2*l + 9 = -l. Let p = -4 - -22. Let j = p + l. What is the greatest common factor of j and 105?
15
Let g = -188 + 332. What is the highest common divisor of g and 16?
16
Let f(i) = 10*i. Let w be f(9). Suppose 0 = 2*b + 9 - 29. What is the greatest common divisor of w and b?
10
Let u = 15 - 12. Let f be (u/1 - 6) + 53. What is the greatest common factor of f and 5?
5
Let p(h) = -4*h - 1. Let w be p(-1). Let z = 3 + -3. Let g be 4/(8/6) - z. Calculate the highest common divisor of w and g.
3
Suppose -4*n + 3*i + 130 = -106, 0 = 2*i + 8. Calculate the highest common factor of n and 14.
14
Suppose 3 = f - 0. Suppose 0 = f*r - 0*r - 24. Let j be (-7)/(1 + r/(-6)). Calculate the greatest common divisor of 3 and j.
3
Let u = 112 + -94. Let b = -357 + 519. Calculate the greatest common divisor of u and b.
18
Let z(b) = 3*b**3 - b**2 + b. Let d be z(1). Suppose -d*j + 66 + 9 = 0. Let c = 5 - 0. Calculate the greatest common factor of j and c.
5
Let f = 8 - 6. Let u(x) = -x**3 - 8*x**2 - 9*x - 9. Let i be u(-7). Suppose 5*z + 46 = 3*b, i*z - 17 = 3. Calculate the highest common factor of b and f.
2
Suppose 19 = w + 2. Suppose -4*t + 15 = -w. Let m be (-2)/((2 - -1)/(-84)). Calculate the greatest common divisor of t and m.
8
Suppose 6*x - 70 = 2. What is the highest common factor of 3 and x?
3
Let u = -80 - -127. Let y = u - 32. Let w be (81/12)/((-1)/(-20)). Calculate the greatest common divisor of w and y.
15
Let o(w) = -29*w - 8. Let q be o(6). Let n = q + 467. Suppose 4*c - n = c. What is the greatest common divisor of c and 38?
19
Suppose 27 = 5*n - t, n + t + 2 = 5. What is the highest common divisor of n and 20?
5
Suppose 0 = -d + 20 - 4. What is the greatest common divisor of 16 and d?
16
Suppose 5*f = -5*v + 10, -2*f - 3*v - 8 = -f. Let a = -87 + 136. Calculate the greatest common factor of a and f.
7
Let q(z) = z**2 - 8*z + 4. Let y be q(8). What is the greatest common divisor of 44 and y?
4
Suppose -4*q + 2*m = -1782, -2*q + 0*q + 921 = 5*m. Suppose 3*z = -2*r + 300, -2*r + 4*z = -5*r + q. What is the highest common divisor of 18 and r?
18
Suppose -l + x + 66 + 25 = 0, 5*x - 265 = -3*l. Let j(v) = 2*v**2 - 3*v + 6. Let o be j(4). Let r = o + -16. Calculate the highest common divisor of r and l.
10
Suppose 5*c - 55 = -5*i + c, -2*i - c = -25. What is the greatest common factor of 15 and i?
15
Suppose 4*a = u - 70 + 10, -4*u - 3*a = -145. What is the highest common factor of u and 10?
10
Suppose 3*a - 5*p = 2*a - 515, 3*p = 3*a + 1521. Let r = a + 276. Let f = r + 405. Calculate the greatest common divisor of 16 and f.
16
Let r(w) = w**3 - 10*w**2 + 18*w - 7. Let t be r(8). Let q be (-10)/15 + 56/3. What is the greatest common divisor of q and t?
9
Suppose b = 3*b - 4. Let z be (40/(-6))/(b/(-6)). Let x = -1 - -6. What is the highest common divisor of z and x?
5
Suppose 3*t + 464 = h, 0 + 3 = t. Suppose h = 5*k + 173. Suppose 0 = 2*i + 3*i - k. What is the highest common factor of 4 and i?
4
Let r(w) = w**2 - 3*w + 5. Let n be r(4). Let d = -7 + n. Let v be 2/(d/(-4) + 1). Calculate the highest common divisor of 4 and v.
4
Suppose -5*j = -j + 4*m - 12, 3*j - 5*m = -23. Let v be (3/5)/(j/(-10)). Calculate the highest common factor of 30 and v.
6
Suppose d = -d + 462. Calculate the highest common divisor of 33 and d.
33
Let o = 0 - -14. Suppose o = 4*p - 58. What is the greatest common factor of 18 and p?
18
Suppose 0 = -3*f + 85 + 14. Calculate the greatest common factor of 22 and f.
11
Let p(f) = -3*f**3 - f. Let m be p(-1). Suppose -m*u + 4 = -4. Suppose 0 = -u*o + 10. What is the greatest common divisor of o and 20?
5
Let n(s) = -8*s + 9. Let p(a) = 12*a - 14. Let y(o) = 7*n(o) + 5*p(o). Let v be y(3). What is the greatest common factor of 15 and v?
5
Suppose -3*k + 298 = -329. What is the greatest common divisor of k and 19?
19
Suppose 12*y - 15*y = -264. Calculate the greatest common factor of y and 22.
22
Suppose 33 - 5 = 4*m. What is the highest common factor of 21 and m?
7
Suppose f - 59 = 3*d, -3*f + 0*d = -2*d - 142. Calculate the greatest common divisor of 110 and f.
22